
Convert -7 (base 14) to base 13.
-7
What is 8 (base 12) in base 6?
12
What is -6 (base 7) in base 10?
-6
-1 (base 3) to base 5
-1
Convert 3 (base 16) to base 6.
3
Convert 101100001 (base 2) to base 7.
1013
What is 230 (base 4) in base 8?
54
Convert -130 (base 6) to base 8.
-66
What is 2 (base 3) in base 7?
2
What is 3 (base 13) in base 12?
3
Convert -18 (base 15) to base 2.
-10111
f (base 16) to base 14
11
Convert -1 (base 15) to base 3.
-1
Convert 1110111 (base 2) to base 16.
77
Convert 18 (base 15) to base 4.
113
What is -17 (base 11) in base 3?
-200
Convert 1 (base 13) to base 2.
1
-16 (base 9) to base 5
-30
Convert 11 (base 9) to base 11.
a
What is -16 (base 11) in base 13?
-14
Convert 36 (base 14) to base 7.
66
Convert 2 (base 8) to base 16.
2
Convert 167 (base 13) to base 10.
254
What is 2 (base 13) in base 4?
2
What is 2 (base 5) in base 11?
2
Convert 100 (base 3) to base 14.
9
What is 100111 (base 2) in base 10?
39
Convert 20 (base 8) to base 13.
13
Convert 203 (base 6) to base 7.
135
-1220 (base 5) to base 2
-10111001
Convert 4 (base 5) to base 15.
4
Convert -122 (base 7) to base 11.
-5a
What is 27 (base 10) in base 8?
33
What is 2 (base 4) in base 15?
2
What is -3 (base 16) in base 8?
-3
5 (base 14) to base 7
5
Convert -2 (base 3) to base 5.
-2
e (base 15) to base 12
12
-26 (base 14) to base 3
-1021
What is -102 (base 3) in base 6?
-15
Convert 171 (base 8) to base 16.
79
Convert 0 (base 14) to base 3.
0
What is 11101 (base 2) in base 6?
45
Convert 33 (base 9) to base 6.
50
Convert 1 (base 10) to base 2.
1
1 (base 8) to base 14
1
Convert 1 (base 10) to base 9.
1
What is -23 (base 15) in base 12?
-29
21 (base 5) to base 11
10
What is 13 (base 8) in base 3?
102
-33 (base 6) to base 11
-1a
Convert 3 (base 10) to base 11.
3
Convert -2 (base 13) to base 10.
-2
1 (base 12) to base 2
1
Convert 210 (base 4) to base 8.
44
10 (base 2) to base 4
2
15 (base 9) to base 15
e
What is -2 (base 10) in base 12?
-2
Convert -4 (base 15) to base 2.
-100
-8 (base 13) to base 2
-1000
Convert 5 (base 11) to base 13.
5
-1021 (base 3) to base 14
-26
Convert 2 (base 12) to base 7.
2
-37 (base 14) to base 12
-41
What is 13 (base 10) in base 11?
12
What is 1001110 (base 2) in base 4?
1032
-1 (base 2) to base 6
-1
What is -46 (base 10) in base 6?
-114
What is -21 (base 7) in base 16?
-f
What is -1 (base 7) in base 14?
-1
Convert 3 (base 9) to base 5.
3
30 (base 12) to base 16
24
What is -11 (base 8) in base 13?
-9
What is 3 (base 6) in base 11?
3
What is 2234 (base 5) in base 10?
319
Convert -e7 (base 15) to base 4.
-3121
Convert -2001 (base 4) to base 8.
-201
Convert 3 (base 14) to base 10.
3
Convert 106 (base 7) to base 13.
43
Convert 2 (base 15) to base 12.
2
26 (base 14) to base 5
114
What is -16 (base 12) in base 14?
-14
What is 20 (base 4) in base 15?
8
-4 (base 10) to base 12
-4
Convert 4 (base 15) to base 12.
4
3 (base 4) to base 8
3
450 (base 6) to base 8
256
5 (base 13) to base 2
101
Convert 100 (base 2) to base 10.
4
7 (base 12) to base 13
7
Convert 4 (base 5) to base 7.
4
Convert 28 (base 10) to base 8.
34
Convert -4 (base 10) to base 7.
-4
0 (base 9) to base 8
0
Convert 315 (base 6) to base 3.
11102
Convert 26 (base 9) to base 8.
30
What is -10101 (base 2) in base 9?
-23
Convert -100010 (base 2) to base 3.
-1021
Convert 1 (base 3) to base 12.
1
Convert -2 (base 8) to base 4.
-2
Convert 4 (base 16) to base 11.
4
143 (base 5) to base 3
1210
Convert -2 (base 16) to base 3.
-2
Convert 3 (base 10) to base 2.
11
-32 (base 16) to base 10
-50
What is 2 (base 12) in base 10?
2
Convert -16 (base 7) to base 9.
-14
12 (base 10) to base 9
13
10001 (base 2) to base 7
23
What is -1 (base 9) in base 3?
-1
What is 23 (base 4) in base 14?
b
What is 26 (base 11) in base 7?
40
What is 3 (base 12) in base 10?
3
What is 0 (base 3) in base 5?
0
What is -11 (base 5) in base 12?
-6
Convert 42 (base 7) to base 9.
33
Convert -3 (base 4) to base 11.
-3
What is 1010100 (base 2) in base 8?
124
What is -5 (base 8) in base 4?
-11
33 (base 14) to base 9
50
-240 (base 12) to base 2
-101010000
5 (base 16) to base 14
5
What is 6 (base 11) in base 12?
6
What is 1 (base 6) in base 10?
1
Convert -1015 (base 7) to base 6.
-1351
Convert 1 (base 9) to base 11.
1
What is 277 (base 12) in base 13?
232
Convert 33 (base 5) to base 13.
15
Convert 60 (base 8) to base 7.
66
-2 (base 11) to base 8
-2
52 (base 10) to base 8
64
-11 (base 5) to base 13
-6
What is 220 (base 6) in base 7?
150
106 (base 10) to base 3
10221
Convert 0 (base 16) to base 9.
0
Convert -146 (base 10) to base 6.
-402
1100101 (base 2) to base 11
92
Convert 10 (base 8) to base 13.
8
Convert -20 (base 9) to base 3.
-200
-1011 (base 2) to base 16
-b
5 (base 16) to base 13
5
Convert 3 (base 7) to base 6.
3
What is -6e (base 15) in base 8?
-150
Convert 0 (base 11) to base 12.
0
36 (base 12) to base 11
39
-210 (base 3) to base 16
-15
Convert -5 (base 15) to base 8.
-5
What is 1221 (base 4) in base 13?
81
-54 (base 11) to base 8
-73
Convert -22 (base 10) to base 5.
-42
What is -140 (base 10) in base 9?
-165
What is -2 (base 9) in base 14?
-2
44 (base 8) to base 12
30
Convert 91 (base 13) to base 7.
226
Convert 1b (base 16) to base 9.
30
Convert -d (base 14) to base 8.
-15
Convert -3 (base 14) to base 3.
-10
8 (base 13) to base 15
8
100 (base 2) to base 8
4
Convert 76 (base 10) to base 11.
6a
What is 8 (base 10) in base 9?
8
2 (base 7) to base 5
2
Convert -52 (base 7) to base 6.
-101
Convert -18 (base 15) to base 14.
-19
What is 8 (base 10) in base 2?
1000
3 (base 11) to base 3
10
What is -6 (base 12) in base 10?
-6
-73 (base 13) to base 11
-86
1 (base 16) to base 10
1
114 (base 5) to base 8
42
What is 12 (base 9) in base 8?
13
What is 32 (base 6) in base 4?
110
Convert -3 (base 5) to base 16.
-3
Convert -42 (base 8) to base 7.
-46
What is -3 (base 7) in base 14?
-3
What is -2b (base 14) in base 11?
-36
332 (base 6) to base 7
242
What is 3 (base 10) in base 5?
3
Convert -11 (base 4) to base 3.
-12
Convert 100 (base 2) to base 7.
4
11121 (base 3) to base 4
1330
Convert 12 (base 12) to base 7.
20
Convert 1 (base 6) to base 13.
1
What is -11 (base 14) in base 4?
-33
143 (base 15) to base 2
100100000
2021 (base 4) to base 16
89
Convert 3 (base 9) to base 3.
10
What is -20 (base 3) in base 8?
-6
What is 24 (base 14) in base 3?
1012
202 (base 3) to base 11
19
Convert -21 (base 3) to base 14.
-7
-39 (base 15) to base 16
-36
What is -1 (base 15) in base 14?
-1
Convert -12 (base 10) to base 16.
-c
1112 (base 3) to base 10
41
Convert -1313 (base 4) to base 3.
-11102
Convert 1103 (base 4) to base 11.
76
What is -32 (base 7) in base 3?
-212
21 (base 10) to base 12
19
6 (base 11) to base 16
6
Convert 2 (base 10) to base 13.
2
212 (base 3) to base 6
35
What is -139 (base 12) in base 14?
-d7
Convert 8 (base 11) to base 3.
22
4 (base 16) to base 2
100
What is 7b (base 14) in base 4?
1231
What is 245 (base 9) in base 4?
3023
2 (base 7) to base 15
2
-1 (base 16) to base 8
-1
Convert -242 (base 5) to base 12.
-60
61 (base 8) to base 5
144
-2 (base 14) to base 8
-2
Convert 6 (base 11) to base 15.
6
-9c (base 13) to base 9
-153
What is 5 (base 11) in base 16?
5
0 (base 3) to base 5
0
5 (base 13) to base 8
5
Convert 112 (base 3) to base 4.
32
What is 81 (base 13) in base 10?
105
Convert 2 (base 6) to base 13.
2
Convert -131 (base 10) to base 5.
-1011
What is -10020 (base 3) in base 2?
-1010111
-13 (base 4) to base 8
-7
-2b (base 16) to base 4
-223
-b (base 13) to base 14
-b
-6 (base 11) to base 13
-6
What is -1123 (base 4) in base 2?
-1011011
What is 18 (base 10) in base 11?
17
What is 2 (base 16) in base 6?
2
What is -110 (base 4) in base 16?
-14
4b (base 12) to base 11
54
Convert 2 (base 12) to base 13.
2
-2 (base 9) to base 5
-2
Convert -3 (base 8) to base 2.
-11
-14 (base 12) to base 2
-10000
Convert -223 (base 4) to base 12.
-37
What is 1 (base 8) in base 12?
1
-30 (base 5) to base 12
-13
1223 (base 4) to base 6
255
Convert -80 (base 9) to base 7.
-132
-31 (base 5) to base 9
-17
Convert 55 (base 10) to base 8.
67
Convert 0 (base 4) to base 16.
0
What is 13 (base 9) in base 10?
12
What is -2 (base 16) in base 4?
-2
What is 10 (base 5) in base 6?
5
0 (base 7) to base 14
0
What is 1 (base 5) in base 7?
1
-57 (base 8) to base 15
-32
What is -2 (base 4) 